{"id":939,"date":"2021-11-24T11:53:05","date_gmt":"2021-11-24T11:53:05","guid":{"rendered":"https:\/\/laiavilaro.com\/sobre-mi\/"},"modified":"2025-02-28T19:35:28","modified_gmt":"2025-02-28T19:35:28","slug":"sobre-mi","status":"publish","type":"page","link":"https:\/\/laiavilaro.com\/es\/sobre-mi\/","title":{"rendered":"Sobre m\u00ed"},"content":{"rendered":"\n<p>Soy dise\u00f1adora de interiores de Barcelona, con sensibilidad hacia el arte y la naturaleza, interesada en el bienestar de las personas y la protecci\u00f3n del planeta, nuestro Hogar.<\/p>\n\n<p>Me he convertido en una profesional que va a la b\u00fasqueda de la creaci\u00f3n de espacios lo m\u00e1s respetuosos posibles con el medio ambiente, que aporten bienestar y contribuyan a la salud de las personas. Espacios confortables y c\u00e1lidos, creados con amor y cuidado en los detalles.<\/p>\n\n<p>Realic\u00e9 los estudios de interiorismo en <em>Eina<\/em>, <em>Centre Universitari de Disseny i Art de Barcelona,<\/em> durante aquellos a\u00f1os de formaci\u00f3n obtuve el 2\u00ba premio en el concurso <em>Habit\u00e0cola<\/em> &#8211; <em>ArquinFad<\/em>.<\/p>\n\n<p>La carrera profesional la inici\u00e9 colaborando en diferentes estudios de interiorismo y arquitectura de Barcelona. Uno de los primeros fue <em>Trespol<\/em>, una segunda escuela para mi, colaborando principalment en proyectos de viviendas unifamiliares con los apreciados Jordi Parcerisas, Cristian Cort\u00e8s, arquitectos, y Mariona Soler, N\u00faria Fontanilles, interioristas. Tambi\u00e9n trabaj\u00e9 en el estudio <em>TurullS\u00f6rensen<\/em>, en colaboraci\u00f3n con los arquitectos Fredi Turull e In\u00e9s S\u00f6rensen participando en la realizaci\u00f3n de proyectos de locales comerciales <em>Desigual<\/em> y tambi\u00e9n de viviendas unifamiliares. Despu\u00e9s de la experiencia obtenida decid\u00ed trabajar por cuenta propia.<\/p>\n\n<p>A continuaci\u00f3n de esta primera etapa me dediqu\u00e9 durante unos a\u00f1os a la proyecci\u00f3n ef\u00edmera de montajes de carpas para eventos y bodas de alto nivel en la empresa <em>Bc Carpas<\/em>. Al finalizar aquel periodo y despu\u00e9s de una estancia de unos meses en el Reino Unido entr\u00e9 a formar parte del equipo de interiorismo de <em>Vive Estudio<\/em>.<\/p>\n\n<p>Posteriormente retom\u00e9 el camino por cuenta propia unos a\u00f1os, hasta que tuve la oportunidad de nuevo de trabajar en colaboraci\u00f3n con otros estudios de interiorismo. He trabajado tambi\u00e9n como comercial y asesora t\u00e9cnica en <em>J\u00f2dul<\/em> i <em>Matter<\/em>. empresas referentes en la venta y divulgaci\u00f3n de materiales innovadores para la construcci\u00f3n.<\/p>\n","protected":false},"excerpt":{"rendered":"<p>Soy dise\u00f1adora de interiores de Barcelona, con sensibilidad hacia el arte y la naturaleza, interesada en el bienestar de las personas y la protecci\u00f3n del &#8230; <a title=\"Sobre m\u00ed\" class=\"read-more\" href=\"https:\/\/laiavilaro.com\/es\/sobre-mi\/\" aria-label=\"M\u00e1s en Sobre m\u00ed\">Leer m\u00e1s<\/a><\/p>\n","protected":false},"author":1,"featured_media":831,"parent":0,"menu_order":0,"comment_status":"closed","ping_status":"open","template":"","meta":{"BoldBlocksTypography":[],"footnotes":""},"class_list":{"0":"post-939","1":"page","2":"type-page","3":"status-publish","4":"has-post-thumbnail","6":"infinite-scroll-item"},"acf":[],"_links":{"self":[{"href":"https:\/\/laiavilaro.com\/es\/wp-json\/wp\/v2\/pages\/939","targetHints":{"allow":["GET"]}}],"collection":[{"href":"https:\/\/laiavilaro.com\/es\/wp-json\/wp\/v2\/pages"}],"about":[{"href":"https:\/\/laiavilaro.com\/es\/wp-json\/wp\/v2\/types\/page"}],"author":[{"embeddable":true,"href":"https:\/\/laiavilaro.com\/es\/wp-json\/wp\/v2\/users\/1"}],"replies":[{"embeddable":true,"href":"https:\/\/laiavilaro.com\/es\/wp-json\/wp\/v2\/comments?post=939"}],"version-history":[{"count":19,"href":"https:\/\/laiavilaro.com\/es\/wp-json\/wp\/v2\/pages\/939\/revisions"}],"predecessor-version":[{"id":1150,"href":"https:\/\/laiavilaro.com\/es\/wp-json\/wp\/v2\/pages\/939\/revisions\/1150"}],"wp:featuredmedia":[{"embeddable":true,"href":"https:\/\/laiavilaro.com\/es\/wp-json\/wp\/v2\/media\/831"}],"wp:attachment":[{"href":"https:\/\/laiavilaro.com\/es\/wp-json\/wp\/v2\/media?parent=939"}],"curies":[{"name":"wp","href":"https:\/\/api.w.org\/{rel}","templated":true}]}}

Sobre mí

<p>Soy diseñadora de interiores de Barcelona, con sensibilidad hacia el arte y la naturaleza, interesada en el bienestar de las personas y la protección del planeta, nuestro Hogar.</p>

<p>Me he convertido en una profesional que va a la búsqueda de la creación de espacios lo más respetuosos posibles con el medio ambiente, que aporten bienestar y contribuyan a la salud de las personas. Espacios confortables y cálidos, creados con amor y cuidado en los detalles.</p>

<p>Realicé los estudios de interiorismo en <em>Eina</em>, <em>Centre Universitari de Disseny i Art de Barcelona,</em> durante aquellos años de formación obtuve el 2º premio en el concurso <em>Habitàcola</em> &#8211; <em>ArquinFad</em>.</p>

<p>La carrera profesional la inicié colaborando en diferentes estudios de interiorismo y arquitectura de Barcelona. Uno de los primeros fue <em>Trespol</em>, una segunda escuela para mi, colaborando principalment en proyectos de viviendas unifamiliares con los apreciados Jordi Parcerisas, Cristian Cortès, arquitectos, y Mariona Soler, Núria Fontanilles, interioristas. También trabajé en el estudio <em>TurullSörensen</em>, en colaboración con los arquitectos Fredi Turull e Inés Sörensen participando en la realización de proyectos de locales comerciales <em>Desigual</em> y también de viviendas unifamiliares. Después de la experiencia obtenida decidí trabajar por cuenta propia.</p>

<p>A continuación de esta primera etapa me dediqué durante unos años a la proyección efímera de montajes de carpas para eventos y bodas de alto nivel en la empresa <em>Bc Carpas</em>. Al finalizar aquel periodo y después de una estancia de unos meses en el Reino Unido entré a formar parte del equipo de interiorismo de <em>Vive Estudio</em>.</p>

<p>Posteriormente retomé el camino por cuenta propia unos años, hasta que tuve la oportunidad de nuevo de trabajar en colaboración con otros estudios de interiorismo. He trabajado también como comercial y asesora técnica en <em>Jòdul</em> i <em>Matter</em>. empresas referentes en la venta y divulgación de materiales innovadores para la construcción.</p>

<p>Soy diseñadora de interiores de Barcelona, con sensibilidad hacia el arte y la naturaleza, interesada en el bienestar de las personas y la protección del &#8230; <a title="Sobre mí" class="read-more" href="https://laiavilaro.com/es/sobre-mi/" aria-label="Más en Sobre mí">Leer más</a></p>
